{"id":283,"date":"2022-09-15T00:41:42","date_gmt":"2022-09-15T03:41:42","guid":{"rendered":"https:\/\/huellilovepetstore.com\/?post_type=product&#038;p=283"},"modified":"2023-12-16T18:43:43","modified_gmt":"2023-12-16T21:43:43","slug":"comedero-elevado-triple-para-perro-mas-nombre","status":"publish","type":"product","link":"https:\/\/huellilovepetstore.com\/?product=comedero-elevado-triple-para-perro-mas-nombre","title":{"rendered":"Comedero elevado triple para perro m\u00e1s nombre"},"content":{"rendered":"<p>Comederos para perros m\u00e1s el nombre bordado.<br \/>\n\u00bfQue ventajas tienen estos comederos?<br \/>\n*Bowls de acero inoxidable<br \/>\n*Favorecer una buena digesti\u00f3n<br \/>\n*Evita que t\u00fa mascota adopt\u00e9 una postura incorrecta para comer (ej: acostarse)<br \/>\n*Evita problemas articulares<br \/>\n*Tiene una mayor higiene<br \/>\n*Apto para patolog\u00edas como megaesofag<\/p>\n<ul>\n<li>\n<h5><strong>Cuando finalice la compra en \u00a0NOTAS DEL PEDIDO poner el nombre de la <\/strong><strong>mascota<\/strong><\/h5>\n<\/li>\n<\/ul>\n<p>&nbsp;<\/p>\n","protected":false},"excerpt":{"rendered":"<p>Comederos para perros m\u00e1s el nombre bordado. \u00bfQue ventajas tienen estos comederos? *Bowls de acero inoxidable *Favorecer una buena digesti\u00f3n *Evita que t\u00fa mascota adopt\u00e9 una postura incorrecta para comer (ej: acostarse) *Evita problemas articulares *Tiene una mayor higiene *Apto para patolog\u00edas como megaesofag Cuando finalice la compra en \u00a0NOTAS DEL PEDIDO poner el nombre &hellip;<\/p>\n<p class=\"read-more\"> <a class=\"\" href=\"https:\/\/huellilovepetstore.com\/?product=comedero-elevado-triple-para-perro-mas-nombre\"> <span class=\"screen-reader-text\">Comedero elevado triple para perro m\u00e1s nombre<\/span> Leer m\u00e1s &raquo;<\/a><\/p>\n","protected":false},"featured_media":284,"template":"","meta":{"site-sidebar-layout":"default","site-content-layout":"default","ast-global-header-display":"","ast-main-header-display":"","ast-hfb-above-header-display":"","ast-hfb-below-header-display":"","ast-hfb-mobile-header-display":"","site-post-title":"","ast-breadcrumbs-content":"","ast-featured-img":"","footer-sml-layout":"","theme-transparent-header-meta":"default","adv-header-id-meta":"","stick-header-meta":"","header-above-stick-meta":"","header-main-stick-meta":"","header-below-stick-meta":"","_joinchat":[]},"product_cat":[70],"product_tag":[77,80,79,71],"_links":{"self":[{"href":"https:\/\/huellilovepetstore.com\/index.php?rest_route=\/wp\/v2\/product\/283"}],"collection":[{"href":"https:\/\/huellilovepetstore.com\/index.php?rest_route=\/wp\/v2\/product"}],"about":[{"href":"https:\/\/huellilovepetstore.com\/index.php?rest_route=\/wp\/v2\/types\/product"}],"wp:featuredmedia":[{"embeddable":true,"href":"https:\/\/huellilovepetstore.com\/index.php?rest_route=\/wp\/v2\/media\/284"}],"wp:attachment":[{"href":"https:\/\/huellilovepetstore.com\/index.php?rest_route=%2Fwp%2Fv2%2Fmedia&parent=283"}],"wp:term":[{"taxonomy":"product_cat","embeddable":true,"href":"https:\/\/huellilovepetstore.com\/index.php?rest_route=%2Fwp%2Fv2%2Fproduct_cat&post=283"},{"taxonomy":"product_tag","embeddable":true,"href":"https:\/\/huellilovepetstore.com\/index.php?rest_route=%2Fwp%2Fv2%2Fproduct_tag&post=283"}],"curies":[{"name":"wp","href":"https:\/\/api.w.org\/{rel}","templated":true}]}}